{"id":107,"date":"2010-12-13T22:24:54","date_gmt":"2010-12-13T21:24:54","guid":{"rendered":"http:\/\/www.versspreken.nl\/?page_id=107"},"modified":"2013-08-07T03:48:38","modified_gmt":"2013-08-07T01:48:38","slug":"helene-gelens","status":"publish","type":"page","link":"http:\/\/www.versspreken.nl\/?page_id=107","title":{"rendered":"H\u00e9l\u00e8ne Gel\u00e8ns"},"content":{"rendered":"<p><a href=\"http:\/\/www.versspreken.nl\/wp-content\/uploads\/2010\/12\/H\u00e9l\u00e8ne-Gel\u00e8ns-.jpeg\"><img data-attachment-id=\"45\" data-permalink=\"http:\/\/www.versspreken.nl\/?attachment_id=45#main\" data-orig-file=\"http:\/\/www.versspreken.nl\/wp-content\/uploads\/2010\/12\/H\u00e9l\u00e8ne-Gel\u00e8ns-.jpeg\" data-orig-size=\"160,120\" data-comments-opened=\"1\" data-image-meta=\"{&quot;aperture&quot;:&quot;0&quot;,&quot;credit&quot;:&quot;&quot;,&quot;camera&quot;:&quot;&quot;,&quot;caption&quot;:&quot;&quot;,&quot;created_timestamp&quot;:&quot;0&quot;,&quot;copyright&quot;:&quot;&quot;,&quot;focal_length&quot;:&quot;0&quot;,&quot;iso&quot;:&quot;0&quot;,&quot;shutter_speed&quot;:&quot;0&quot;,&quot;title&quot;:&quot;&quot;}\" data-image-title=\"H\u00e9l\u00e8ne Gel\u00e8ns\" data-image-description=\"\" data-image-caption=\"\" data-medium-file=\"http:\/\/www.versspreken.nl\/wp-content\/uploads\/2010\/12\/H\u00e9l\u00e8ne-Gel\u00e8ns-.jpeg\" data-large-file=\"http:\/\/www.versspreken.nl\/wp-content\/uploads\/2010\/12\/H\u00e9l\u00e8ne-Gel\u00e8ns-.jpeg\" loading=\"lazy\" class=\"alignleft size-full wp-image-45\" style=\"margin-left: 10px; margin-right: 10px;\" title=\"H\u00e9l\u00e8ne Gel\u00e8ns\" alt=\"\" src=\"http:\/\/www.versspreken.nl\/wp-content\/uploads\/2010\/12\/H\u00e9l\u00e8ne-Gel\u00e8ns-.jpeg\" width=\"160\" height=\"120\" \/><\/a>H\u00e9l\u00e8ne Gel\u00e8ns(1967) studeerde wijsbegeerte in Amsterdam. Ze publiceerde po\u00ebzie, kort proza en essays in literaire tijdschriften en schreef een libretto voor een oratorium dat in 2007 in premi\u00e8re ging. Haar debuutbundel <em>niet beginnen bij het hoofd<\/em> verscheen in de Sandwich-reeks van Gerrit Komrij in 2006 en werd genomineerd voor de Buddingh&#8217;-prijs. In 2010 verscheen haar tweede bundel <em>zet af en zweef<\/em> bij uitgeverij Cossee. Deze bundel werd bekroond met de Jan Campertprijs.<\/p>\n<p>Te horen in: <a title=\"Rodaan Al Galidi\" href=\"..\/?p=25\" target=\"_self\">VS#3<\/a>, <a title=\"Mark Insingel\" href=\"..\/?p=32\" target=\"_self\">VS#4<\/a>, <a title=\"Bart Meuleman\" href=\"..\/?p=40\" target=\"_self\">VS#5<\/a>, (als de besproken dichter) <a title=\"H\u00e9l\u00e8ne Gel\u00e8ns\" href=\"..\/?p=44\" target=\"_self\">VS#6<\/a> en <a href=\"http:\/\/www.versspreken.nl\/?p=327\">VS#11<\/a>.<\/p>\n","protected":false},"excerpt":{"rendered":"<p>H\u00e9l\u00e8ne Gel\u00e8ns(1967) studeerde wijsbegeerte in Amsterdam. Ze publiceerde po\u00ebzie, kort proza en essays in literaire tijdschriften en schreef een libretto voor een oratorium dat in&hellip;<\/p>\n","protected":false},"author":1,"featured_media":0,"parent":63,"menu_order":5,"comment_status":"closed","ping_status":"closed","template":"","meta":{"spay_email":""},"jetpack_shortlink":"https:\/\/wp.me\/P3d8P4-1J","jetpack_sharing_enabled":true,"_links":{"self":[{"href":"http:\/\/www.versspreken.nl\/index.php?rest_route=\/wp\/v2\/pages\/107"}],"collection":[{"href":"http:\/\/www.versspreken.nl\/index.php?rest_route=\/wp\/v2\/pages"}],"about":[{"href":"http:\/\/www.versspreken.nl\/index.php?rest_route=\/wp\/v2\/types\/page"}],"author":[{"embeddable":true,"href":"http:\/\/www.versspreken.nl\/index.php?rest_route=\/wp\/v2\/users\/1"}],"replies":[{"embeddable":true,"href":"http:\/\/www.versspreken.nl\/index.php?rest_route=%2Fwp%2Fv2%2Fcomments&post=107"}],"version-history":[{"count":6,"href":"http:\/\/www.versspreken.nl\/index.php?rest_route=\/wp\/v2\/pages\/107\/revisions"}],"predecessor-version":[{"id":434,"href":"http:\/\/www.versspreken.nl\/index.php?rest_route=\/wp\/v2\/pages\/107\/revisions\/434"}],"up":[{"embeddable":true,"href":"http:\/\/www.versspreken.nl\/index.php?rest_route=\/wp\/v2\/pages\/63"}],"wp:attachment":[{"href":"http:\/\/www.versspreken.nl\/index.php?rest_route=%2Fwp%2Fv2%2Fmedia&parent=107"}],"curies":[{"name":"wp","href":"https:\/\/api.w.org\/{rel}","templated":true}]}}

Hélène Gelèns

<p><a href="http://www.versspreken.nl/wp-content/uploads/2010/12/Hélène-Gelèns-.jpeg"><img data-attachment-id="45" data-permalink="http://www.versspreken.nl/?attachment_id=45#main" data-orig-file="http://www.versspreken.nl/wp-content/uploads/2010/12/Hélène-Gelèns-.jpeg" data-orig-size="160,120" data-comments-opened="1" data-image-meta="{&quot;aperture&quot;:&quot;0&quot;,&quot;credit&quot;:&quot;&quot;,&quot;camera&quot;:&quot;&quot;,&quot;caption&quot;:&quot;&quot;,&quot;created_timestamp&quot;:&quot;0&quot;,&quot;copyright&quot;:&quot;&quot;,&quot;focal_length&quot;:&quot;0&quot;,&quot;iso&quot;:&quot;0&quot;,&quot;shutter_speed&quot;:&quot;0&quot;,&quot;title&quot;:&quot;&quot;}" data-image-title="Hélène Gelèns" data-image-description="" data-image-caption="" data-medium-file="http://www.versspreken.nl/wp-content/uploads/2010/12/Hélène-Gelèns-.jpeg" data-large-file="http://www.versspreken.nl/wp-content/uploads/2010/12/Hélène-Gelèns-.jpeg" loading="lazy" class="alignleft size-full wp-image-45" style="margin-left: 10px; margin-right: 10px;" title="Hélène Gelèns" alt="" src="http://www.versspreken.nl/wp-content/uploads/2010/12/Hélène-Gelèns-.jpeg" width="160" height="120" /></a>Hélène Gelèns(1967) studeerde wijsbegeerte in Amsterdam. Ze publiceerde poëzie, kort proza en essays in literaire tijdschriften en schreef een libretto voor een oratorium dat in 2007 in première ging. Haar debuutbundel <em>niet beginnen bij het hoofd</em> verscheen in de Sandwich-reeks van Gerrit Komrij in 2006 en werd genomineerd voor de Buddingh&#8217;-prijs. In 2010 verscheen haar tweede bundel <em>zet af en zweef</em> bij uitgeverij Cossee. Deze bundel werd bekroond met de Jan Campertprijs.</p>
<p>Te horen in: <a title="Rodaan Al Galidi" href="../?p=25" target="_self">VS#3</a>, <a title="Mark Insingel" href="../?p=32" target="_self">VS#4</a>, <a title="Bart Meuleman" href="../?p=40" target="_self">VS#5</a>, (als de besproken dichter) <a title="Hélène Gelèns" href="../?p=44" target="_self">VS#6</a> en <a href="http://www.versspreken.nl/?p=327">VS#11</a>.</p>

<p>Hélène Gelèns(1967) studeerde wijsbegeerte in Amsterdam. Ze publiceerde poëzie, kort proza en essays in literaire tijdschriften en schreef een libretto voor een oratorium dat in&hellip;</p>
